{"id":16,"date":"2010-09-24T16:54:48","date_gmt":"2010-09-24T14:54:48","guid":{"rendered":"http:\/\/www.lagotto.net\/cascinetta\/?page_id=16"},"modified":"2016-01-28T21:24:58","modified_gmt":"2016-01-28T19:24:58","slug":"il-lagotto-romagnolo","status":"publish","type":"page","link":"https:\/\/www.lagotto.net\/?page_id=16","title":{"rendered":"IL LAGOTTO ROMAGNOLO"},"content":{"rendered":"<p>\u00c8 un cane specializzato nella ricerca del tartufo su qualsiasi tipo di terreno; unica razza riconosciuta con questa attitudine. Si tratta di un&#8217;antica razza da riporto in acqua, presente fin dal XVI secolo, nelle valli di Comacchio e nelle lagune ravennati e diffusasi, a partire dal XIX secolo, nelle pianure e nelle colline romagnole con la specifica funzione di cane da tartufi. Tipico cane da acqua, di mole medio-piccola, mesomorfo, quadrato; l&#8217;aspetto generale \u00e8 rustico, forte e ben proporzionato, se ne intuisce la funzionalit\u00e0 nel lavoro. L&#8217;espressione \u00e8 attenta, intelligente e vivace. Mentre lavora esibisce passione ed efficienza, sfruttando la innata attitudine alla cerca e l&#8217;eccellente olfatto. L&#8217;istinto venatorio \u00e8 stato cancellato, cos\u00ec non viene distratto dal selvatico. Affettuoso e legatissimo al padrone, \u00e8 anche un eccellente cane da compagnia, molto addestrabile.<\/p>\n<p><a class=\"maxbutton-2 maxbutton maxbutton-lo-standard\" href=\"http:\/\/www.lagotto.net\/cascinetta\/?page_id=37\"><span class='mb-text'>Lo standard<\/span><\/a> \u00a0 <a class=\"maxbutton-3 maxbutton maxbutton-allevamento-e-cura\" href=\"http:\/\/www.lagotto.net\/cascinetta\/?page_id=33\"><span class='mb-text'>Allevamento e cura<\/span><\/a><\/p>\n","protected":false},"excerpt":{"rendered":"<p>\u00c8 un cane specializzato nella ricerca del tartufo su qualsiasi tipo di terreno; unica razza riconosciuta con questa attitudine. Si tratta di un&#8217;antica razza da riporto in acqua, presente fin dal XVI secolo, nelle valli di Comacchio e nelle lagune <span class=\"excerpt-dots\">&hellip;<\/span> <a class=\"more-link\" href=\"https:\/\/www.lagotto.net\/?page_id=16\"><span class=\"more-msg\">Continua a leggere &rarr;<\/span><\/a><\/p>\n","protected":false},"author":1,"featured_media":0,"parent":0,"menu_order":1,"comment_status":"closed","ping_status":"closed","template":"","meta":{"ngg_post_thumbnail":0,"footnotes":""},"class_list":["post-16","page","type-page","status-publish","hentry"],"_links":{"self":[{"href":"https:\/\/www.lagotto.net\/index.php?rest_route=\/wp\/v2\/pages\/16","targetHints":{"allow":["GET"]}}],"collection":[{"href":"https:\/\/www.lagotto.net\/index.php?rest_route=\/wp\/v2\/pages"}],"about":[{"href":"https:\/\/www.lagotto.net\/index.php?rest_route=\/wp\/v2\/types\/page"}],"author":[{"embeddable":true,"href":"https:\/\/www.lagotto.net\/index.php?rest_route=\/wp\/v2\/users\/1"}],"replies":[{"embeddable":true,"href":"https:\/\/www.lagotto.net\/index.php?rest_route=%2Fwp%2Fv2%2Fcomments&post=16"}],"version-history":[{"count":10,"href":"https:\/\/www.lagotto.net\/index.php?rest_route=\/wp\/v2\/pages\/16\/revisions"}],"predecessor-version":[{"id":3849,"href":"https:\/\/www.lagotto.net\/index.php?rest_route=\/wp\/v2\/pages\/16\/revisions\/3849"}],"wp:attachment":[{"href":"https:\/\/www.lagotto.net\/index.php?rest_route=%2Fwp%2Fv2%2Fmedia&parent=16"}],"curies":[{"name":"wp","href":"https:\/\/api.w.org\/{rel}","templated":true}]}}